1 + 0)) + 0. Calculate the greatest common divisor of 6 and v.
6
Suppose -5*d = -4*j + 352, 3*d + 31 = j - 57. What is the highest common factor of 11 and j?
11
Suppose -5*g = -4*c - 43, 4*g - 8*g - 23 = 5*c. Let n(t) = 3 - t + 0*t + 2. Let s be n(c). Calculate the greatest common factor of s and 12.
12
Let t = 5 + -3. Let s be (-1)/t + (-405)/(-10). Suppose -112 + s = -3*u. What is the highest common divisor of 6 and u?
6
Suppose 0 = 5*u - 2*z - 148, u - 5*z = -0*u + 25. Calculate the greatest common divisor of u and 10.
10
Suppose -3*c = -r + 20, -34 = -2*r + 3*c - 6. What is the highest common divisor of r and 24?
8
Let i(x) = x**2 - 3*x - 6. Let h be i(6). Let t be (-2)/4 - 438/(-4). Let z = t - 49. What is the greatest common factor of z and h?
12
Suppose -g = h - 17, -2*g - 5*h + 4 + 45 = 0. Let n = -6 + g. What is the greatest common factor of n and 48?
6
Let s = -1 + 7. Suppose 6*x - s = 5*x - d, 29 = 4*x - d. Let p = 14 - x. Calculate the highest common divisor of 77 and p.
7
Let u be (-3)/(-7) - 12/28. Let n be 9/12 + (-69)/(-4). Suppose -3*s - 3*a + 5*a + 35 = u, 2*s - 4*a = n. Calculate the greatest common factor of 52 and s.
13
Let q(l) = l**3 - l**2 + 2*l - 10. Let h be q(5). Let i(a) = 4*a - 8. Let m be i(7). What is the greatest common factor of h and m?
20
Suppose 5*o = 10*o. Suppose -f = -6*f + 150. Suppose o*d - d = -f. What is the greatest common factor of d and 75?
15
Let r(d) = d**3 - d**2 - d + 25. Let f be r(0). What is the greatest common factor of 5 and f?
5
Suppose -205 = -l - 5*a, 5*a + 3 = 28. What is the highest common divisor of l and 20?
20
Let o be ((-51)/(-85))/((-1)/(-10)). What is the greatest common divisor of o and 3?
3
Let j be 40/12*(-15)/2. Let h be (-4 - -2)/(2/j). Suppose 0 = -4*w + h + 295. What is the greatest common factor of 20 and w?
20
Suppose -5*y + 6 = -49. Suppose 8 = -3*l + 41. Calculate the highest common divisor of y and l.
11
Let t = -18 - -21. Let v be 2 - (0 - 0) - -10. Calculate the greatest common factor of t and v.
3
Let h(c) = -c**3 + 8*c**2 + c + 14. Let l be h(6). Calculate the greatest common factor of 4 and l.
4
Let h = -202 + 630. Suppose 2*w - h = -4*o, 0 = -w + 2*w - 4*o - 244. What is the highest common divisor of w and 32?
32
Let w be -2 - 92*(-2 + 1). What is the highest common divisor of 15 and w?
15
Let x(v) = -44*v. Let u be x(-4). Let y be -1 + (-1)/(-1) + 25. Let z = -9 + y. What is the highest common factor of u and z?
16
Suppose 0 = -o + 12 - 3. Let l be 1*(2 + -3) + 5. Suppose -5 + 149 = l*m. Calculate the highest common divisor of o and m.
9
Let l be (-56)/6 + 10/30. Let u(m) = -m**3 - 9*m**2 - 11*m - 6. Let r be u(l). Calculate the greatest common factor of 62 and r.
31
Let y(c) = -c**3 - 8*c**2 + 8*c - 5. Let o be y(-9). Let f(h) = -h**2 + 4*h + 1. Let w be f(o). What is the greatest common factor of w and 8?
1
Suppose 2*o - 74 = -0*o. Let g be 83*1 + (-4)/4. Let q = g - o. Calculate the greatest common divisor of 15 and q.
15
Let m(f) = -f**2 + 15*f. Let s be m(12). Let u = -24 + s. Calculate the greatest common divisor of u and 24.
12
Let w(m) = -m**3 + 6*m**2 - 1. Let v be w(5). Let u = 6 + -2. Suppose -u = -5*a + 56. What is the highest common divisor of v and a?
12
Let n = 4 - -5. Let o(r) = r**3 - 8*r**2 - 4. Let w be o(n). What is the greatest common factor of w and 7?
7
Suppose -4*w + 556 = 4*s - 0*s, w + 1 = 0. Suppose 5*r + 20 = -0*r, -5*l - 5*r = -s. Calculate the greatest common factor of l and 8.
8
Let c = -24 + 17. Let w be (-7 - c) + 21*1. Calculate the highest common factor of 14 and w.
7
Let y(a) = 6*a**2 + 5*a + 2. Let w be y(-3). Let d = w - 25. Calculate the highest common factor of d and 4.
4
Let l(p) = p**3 - p**2 + p + 2. Let b be l(0). Let v be ((-22)/(-10))/(b/10). Let u be -1 - (0 - (12 - 0)). What is the greatest common divisor of u and v?
11
Let p be (-348)/(-14) + (-9)/(-63). Calculate the greatest common divisor of p and 100.
25
Suppose -4*m - 3*h + 1 = 0, 0 = -10*m + 5*m - 5*h. What is the highest common factor of 13 and m?
1
Let f be ((-6)/5)/(8/(-240)). Calculate the highest common factor of 9 and f.
9
Suppose -4*b + 4*j + 36 = 0, 0 = -0*b - 5*b - 3*j + 21. What is the greatest common factor of b and 12?
6
Let x be 22/6 - 7/(-21). What is the highest common divisor of 16 and x?
4
Let f be 1/(-1) + 58/(-2). Let x be 3/2*f/(-9). Let d = 15 - x. What is the greatest common divisor of 2 and d?
2
Suppose 97 = g + g + 5*l, 3*g - 128 = -4*l. Calculate the greatest common factor of g and 90.
18
Suppose 4*c + 0*c - 72 = 0. Suppose -46 = -b - 2*v, -5*b + 164 = -b + 4*v. Calculate the highest common divisor of b and c.
18
Suppose -3*w + 20 = -64. Calculate the highest common divisor of 7 and w.
7
Let n = 6 + -6. Suppose 6*y = 2*y + 2*l - 2, n = -2*y + 4*l + 2. Let m be (y + 7)*1 + -1. What is the highest common factor of 1 and m?
1
Let c(q) = 3*q**3 + 2*q**2 - 3*q. Let i be c(2). Let y = -8 + i. Calculate the greatest common divisor of y and 198.
18
Let f(y) = y**2 - 5*y - 12. Let l be 9/12 + 66/8. Let u be f(l). Calculate the greatest common factor of u and 16.
8
Let p be 0 - 0 - (10 - 22). Let d be (-8)/6 - 3/(-9). Let y be d/3 + (-74)/(-6). What is the greatest common divisor of p and y?
12
Let k(u) = 3*u. Let b be k(2). What is the greatest common factor of 6 and b?
6
Let h(w) = -w**3 - 19*w**2 - 20*w - 21. Let l be h(-18). Suppose -226 = n + 6*s - 3*s, s = 0. Let o = n - -331. Calculate the highest common divisor of o and l.
15
Suppose 4*h - 126 = 54. Let s = h - -118. Let l = s - 93. Calculate the greatest common divisor of 28 and l.
14
Let r(x) = 4*x + 9. Let i be r(7). Calculate the greatest common divisor of 37 and i.
37
Let x be 36/(-8)*12/(-9). Let k(m) = m**2 - 4*m + 6. Let z be k(x). Let l = 206 - 80. Calculate the greatest common factor of z and l.
18
Let m(j) = 2*j**2 - 52*j + 83. Let o be m(25). Let d = -4 - -7. Calculate the greatest common factor of d and o.
3
Suppose 2*h + 9 = 5*h. Suppose -h*q + 25 = -0*y + y, 0 = 2*q + 3*y - 12. Calculate the highest common factor of q and 63.
9
Suppose -q = -0*q - 28. Let a = q + -19. What is the highest common factor of a and 81?
9
Suppose 91 = v + v - 3*q, v - 4*q - 38 = 0. Calculate the highest common factor of v and 10.
10
Let a = -34 + 90. What is the highest common factor of a and 21?
7
Suppose -4*t - 4 = -16. Suppose 4*v + t - 15 = 0. Calculate the greatest common divisor of 3 and v.
3
Let f be 831/27 - 1 - 8/(-36). Calculate the greatest common factor of 6 and f.
6
Let i = 10 - 19. Let r = 47 + i. Suppose -4*u - x = -3*u - r, 0 = -3*u - 2*x + 118. Calculate the greatest common factor of 28 and u.
14
Let l(x) = -2*x**2 + 15*x - 14. Let t be l(5). Calculate the highest common factor of 176 and t.
11
Suppose -b + 6 - 24 = 0. Let k be (-2)/3 - b/27. Suppose 0 = -k*h - h + 27. Calculate the greatest common divisor of 18 and h.
9
Suppose -2*g = 3 - 61. Calculate the greatest common factor of g and 261.
29
Let f(p) = 7*p**2 - p + 1. Let u be f(1). Suppose 35 = -2*d + u*d. Let j = d - 1. What is the highest common factor of j and 42?
6
Let x(u) = -16*u - 28. Let r be x(-22). Calculate the highest common divisor of 12 and r.
12
Let p(k) = k**3 + k**2 - k - 3. Let v be p(0). Let w(d) = 3*d**2 + d + 4. Let t be w(v). What is the highest common divisor of 14 and t?
14
Let t be 0 - (2 - (-2 - -7)). Suppose -q - 3*l + 63 - 18 = 0, -5*l - 177 = -t*q. What is the greatest common divisor of q and 6?
6
Let o(h) = 8*h - 22. Let d be o(4). What is the greatest common divisor of 130 and d?
10
Suppose 4*x - 459 = 549. What is the highest common divisor of x and 28?
28
Let q(a) = a + 1. Let h(n) = 5*n - 2. Let u(l) = -h(l) + 6*q(l). Let f be u(8). Calculate the greatest common factor of 144 and f.
16
Let i(t) = t**3 - 10*t**2 + 16*t - 31. Let f be i(9). Calculate the highest common factor of 128 and f.
32
Let a(j) = 2*j**2 - j. Let l be a(-6). Let n = l + 21. Calculate the highest common divisor of n and 11.
11
Let a(o) = o - 3. Let r(p) = 2*p - 7. Let j(t) = 9*a(t) - 4*r(t). Let h be j(1). What is the highest common factor of h and 8?
2
Suppose 2*f - q = -3*q - 394, -212 = f - 4*q. Let g = f - -308. Let l be ((-4)/10)/(15/(-450)). What is the highest common divisor of l and g?
12
Let d be (-6)/